{"id":3692,"date":"2023-06-01T14:51:21","date_gmt":"2023-06-01T18:51:21","guid":{"rendered":"https:\/\/cvsmotion.com\/?page_id=3692"},"modified":"2023-06-01T15:55:34","modified_gmt":"2023-06-01T19:55:34","slug":"hosting-economico-para-profesionales","status":"publish","type":"page","link":"https:\/\/cvsmotion.com\/digital\/hosting-economico-para-profesionales\/","title":{"rendered":"Hosting Econ\u00f3mico para Profesional"},"content":{"rendered":"<div class=\"wpb-content-wrapper\"><p>[vc_section full_width=&#8221;container-wide&#8221; padding_class=&#8221;wide-0&#8243;][vc_row][vc_column][genemy_hero_digital_agency bg=&#8221;https:\/\/cvsmotion.com\/digital\/wp-content\/uploads\/2023\/05\/bg-host.jpg&#8221; title=&#8221;Elige el nombre de tu dominio GRATIS para el mejor servicio de hosting&#8221; lead_text=&#8221;`{`wpdomainchecker style=&#8220;1&#8220; item_id=&#8220;3691&#8220;`}`&#8221; params=&#8221;%5B%7B%22button_text%22%3A%22Elegir%20el%20dominio%20despues%22%2C%22button_url%22%3A%22https%3A%2F%2Fpanel.cvsmotion.com%2Fb%2F00g6qC6Bna5hawU5kF%22%2C%22button_target%22%3A%22_self%22%2C%22button_style%22%3A%22btn-tra-white%22%2C%22button_size%22%3A%22btn-md%22%7D%5D&#8221; image=&#8221;https:\/\/cvsmotion.com\/digital\/wp-content\/uploads\/2023\/05\/bg-domani.jpg&#8221; image_media_group=&#8221;%5B%7B%22type%22%3A%22max-width%22%2C%22width%22%3A%22767px%22%7D%5D&#8221; bg_media_group=&#8221;%5B%7B%22type%22%3A%22max-width%22%2C%22width%22%3A%22767px%22%7D%5D&#8221;][\/vc_column][\/vc_row][\/vc_section][vc_section el_id=&#8221;service&#8221;][vc_row][vc_column][vc_empty_space height=&#8221;10px&#8221;][\/vc_column][\/vc_row][\/vc_section][vc_section padding_class=&#8221;wide-100&#8243; bg_class=&#8221;bg-deepdark&#8221;][vc_row][vc_column][genemy_call_to_action title=&#8221;Soluciones digitales y {marketing} que har\u00e1 crecer tu negocio&#8221; lead_text=&#8221;Tenemos la soluci\u00f3n ideal de Hosting y dominio que se ajusta a lo que deseas. Estamos aqu\u00ed cuando nos necesitas para resolver todas tus dudas&#8221; subtitle=&#8221;Soporte En Espa\u00f1ol&#8221; params=&#8221;%5B%7B%22button_text%22%3A%22%20M%C3%A1s%20informaci%C3%B3n%22%2C%22button_url%22%3A%22tel%3A973-855-2247%22%2C%22button_target%22%3A%22_self%22%2C%22button_size%22%3A%22btn-md%22%7D%5D&#8221;][\/vc_column][\/vc_row][\/vc_section][vc_section parallax_image=&#8221;http:\/\/jthemes.org\/wp\/genemy\/files\/images\/world-map.png&#8221; parallax=&#8221;content-moving&#8221; parallax_image_attachment=&#8221;inherit&#8221; parallax_image_repeat=&#8221;&#8221; parallax_image_position=&#8221;50% 0&#8243;][vc_row el_id=&#8221;contacts&#8221;][vc_column][genemy_section_title name=&#8221;\u00bfNecesitas saber m\u00e1s o un asesoramiento personal?&#8221; title=&#8221;Toma el control del Mejor Plan Web Hosting&#8221; subtitle=&#8221;&#8221; align=&#8221;left&#8221; underline_color=&#8221;none&#8221;][\/vc_column][\/vc_row][vc_row][vc_column width=&#8221;1\/3&#8243;][genemy_service_box icon=&#8221;ti-Line-Map-Pin-3&#8243; title=&#8221;Our Location&#8221; subtitle=&#8221;Newark, New Jersey,<br \/>\nUnited States&#8221; icon_color=&#8221;rose&#8221; underline_color=&#8221;none&#8221; animation_delay=&#8221;300&#8243;][\/vc_column][vc_column width=&#8221;1\/3&#8243;][genemy_service_box icon=&#8221;ti-Line-Phone&#8221; title=&#8221;Asistencia&#8221; subtitle=&#8221;Phone : (973) 855-2247&#8243; icon_color=&#8221;rose&#8221; underline_color=&#8221;none&#8221; animation_delay=&#8221;300&#8243;][\/vc_column][vc_column width=&#8221;1\/3&#8243;][genemy_service_box icon=&#8221;ti-Line-Email-3&#8243; title=&#8221;M\u00e1s Informaci\u00f3n&#8221; subtitle=&#8221;Soporte : info@cvsmotion.com&#8221; icon_color=&#8221;rose&#8221; underline_color=&#8221;none&#8221; animation_delay=&#8221;300&#8243;][\/vc_column][\/vc_row][\/vc_section]<\/p>\n<\/div>","protected":false},"excerpt":{"rendered":"<p>[vc_section full_width=&#8221;container-wide&#8221; padding_class=&#8221;wide-0&#8243;][vc_row][vc_column][genemy_hero_digital_agency bg=&#8221;https:\/\/cvsmotion.com\/digital\/wp-content\/uploads\/2023\/05\/bg-host.jpg&#8221; title=&#8221;Elige el nombre de tu dominio GRATIS para el mejor servicio de hosting&#8221; lead_text=&#8221;`{`wpdomainchecker style=&#8220;1&#8220; item_id=&#8220;3691&#8220;`}`&#8221; params=&#8221;%5B%7B%22button_text%22%3A%22Elegir%20el%20dominio%20despues%22%2C%22button_url%22%3A%22https%3A%2F%2Fpanel.cvsmotion.com%2Fb%2F00g6qC6Bna5hawU5kF%22%2C%22button_target%22%3A%22_self%22%2C%22button_style%22%3A%22btn-tra-white%22%2C%22button_size%22%3A%22btn-md%22%7D%5D&#8221; image=&#8221;https:\/\/cvsmotion.com\/digital\/wp-content\/uploads\/2023\/05\/bg-domani.jpg&#8221; image_media_group=&#8221;%5B%7B%22type%22%3A%22max-width%22%2C%22width%22%3A%22767px%22%7D%5D&#8221; bg_media_group=&#8221;%5B%7B%22type%22%3A%22max-width%22%2C%22width%22%3A%22767px%22%7D%5D&#8221;][\/vc_column][\/vc_row][\/vc_section][vc_section el_id=&#8221;service&#8221;][vc_row][vc_column][vc_empty_space height=&#8221;10px&#8221;][\/vc_column][\/vc_row][\/vc_section][vc_section padding_class=&#8221;wide-100&#8243; bg_class=&#8221;bg-deepdark&#8221;][vc_row][vc_column][genemy_call_to_action title=&#8221;Soluciones digitales y {marketing} que har\u00e1 crecer tu negocio&#8221; lead_text=&#8221;Tenemos la soluci\u00f3n&#8230;<\/p>\n","protected":false},"author":1,"featured_media":0,"parent":0,"menu_order":0,"comment_status":"closed","ping_status":"closed","template":"templates\/vc-template.php","meta":{"inline_featured_image":false,"_joinchat":[],"footnotes":""},"class_list":["post-3692","page","type-page","status-publish","hentry","no-post-thumbnail"],"yoast_head":"<!-- This site is optimized with the Yoast SEO plugin v27.4 - https:\/\/yoast.com\/product\/yoast-seo-wordpress\/ -->\n<title>Hosting Econ\u00f3mico Profesional<\/title>\n<meta name=\"description\" content=\"Hosting Econ\u00f3mico Profesional. Haga crecer su empresa en l\u00ednea. \u2713Soporte personalizado 24\/7. \u2713Panel de control. \u2713Configuraci\u00f3n GRATUITA\" \/>\n<meta name=\"robots\" content=\"index, follow, max-snippet:-1, max-image-preview:large, max-video-preview:-1\" \/>\n<link rel=\"canonical\" href=\"https:\/\/cvsmotion.com\/digital\/registrar-un-dominio\/\" \/>\n<meta property=\"og:locale\" content=\"en_US\" \/>\n<meta property=\"og:type\" content=\"article\" \/>\n<meta property=\"og:title\" content=\"Hosting Econ\u00f3mico Profesional\" \/>\n<meta property=\"og:description\" content=\"Hosting Econ\u00f3mico Profesional. Haga crecer su empresa en l\u00ednea. \u2713Soporte personalizado 24\/7. \u2713Panel de control. \u2713Configuraci\u00f3n GRATUITA\" \/>\n<meta property=\"og:url\" content=\"https:\/\/cvsmotion.com\/digital\/registrar-un-dominio\/\" \/>\n<meta property=\"og:site_name\" content=\"P\u00e1ginas Web, WordPress, Tienda online, SEO, Alojamiento Web, Dominios, Correos\" \/>\n<meta property=\"article:publisher\" content=\"https:\/\/www.facebook.com\/Cvsdigitaldesign\/\" \/>\n<meta property=\"article:modified_time\" content=\"2023-06-01T19:55:34+00:00\" \/>\n<meta name=\"twitter:card\" content=\"summary_large_image\" \/>\n<meta name=\"twitter:site\" content=\"@CvsMotion\" \/>\n<meta name=\"twitter:label1\" content=\"Est. reading time\" \/>\n\t<meta name=\"twitter:data1\" content=\"1 minute\" \/>\n<script type=\"application\/ld+json\" class=\"yoast-schema-graph\">{\"@context\":\"https:\\\/\\\/schema.org\",\"@graph\":[{\"@type\":\"WebPage\",\"@id\":\"https:\\\/\\\/cvsmotion.com\\\/digital\\\/hosting-economico-para-profesionales\\\/\",\"url\":\"https:\\\/\\\/cvsmotion.com\\\/digital\\\/registrar-un-dominio\\\/\",\"name\":\"Hosting Econ\u00f3mico Profesional\",\"isPartOf\":{\"@id\":\"https:\\\/\\\/cvsmotion.com\\\/digital\\\/#website\"},\"datePublished\":\"2023-06-01T18:51:21+00:00\",\"dateModified\":\"2023-06-01T19:55:34+00:00\",\"description\":\"Hosting Econ\u00f3mico Profesional. Haga crecer su empresa en l\u00ednea. \u2713Soporte personalizado 24\\\/7. \u2713Panel de control. \u2713Configuraci\u00f3n GRATUITA\",\"breadcrumb\":{\"@id\":\"https:\\\/\\\/cvsmotion.com\\\/digital\\\/registrar-un-dominio\\\/#breadcrumb\"},\"inLanguage\":\"en-US\",\"potentialAction\":[{\"@type\":\"ReadAction\",\"target\":[\"https:\\\/\\\/cvsmotion.com\\\/digital\\\/registrar-un-dominio\\\/\"]}]},{\"@type\":\"BreadcrumbList\",\"@id\":\"https:\\\/\\\/cvsmotion.com\\\/digital\\\/registrar-un-dominio\\\/#breadcrumb\",\"itemListElement\":[{\"@type\":\"ListItem\",\"position\":1,\"name\":\"Home\",\"item\":\"https:\\\/\\\/cvsmotion.com\\\/digital\\\/\"},{\"@type\":\"ListItem\",\"position\":2,\"name\":\"Hosting Econ\u00f3mico para Profesional\"}]},{\"@type\":\"WebSite\",\"@id\":\"https:\\\/\\\/cvsmotion.com\\\/digital\\\/#website\",\"url\":\"https:\\\/\\\/cvsmotion.com\\\/digital\\\/\",\"name\":\"Agencia de Marketing Digital en los Estados Unidos | CVS Motion Digital\",\"description\":\"CVS MOTION\",\"publisher\":{\"@id\":\"https:\\\/\\\/cvsmotion.com\\\/digital\\\/#organization\"},\"alternateName\":\"CVS Motion Soluciones digitales para el \u00e9xito de su empresa en Internet. P\u00e1ginas Web, WordPress, Tienda online, SEO, Alojamiento Web, Dominios, Correos\",\"potentialAction\":[{\"@type\":\"SearchAction\",\"target\":{\"@type\":\"EntryPoint\",\"urlTemplate\":\"https:\\\/\\\/cvsmotion.com\\\/digital\\\/?s={search_term_string}\"},\"query-input\":{\"@type\":\"PropertyValueSpecification\",\"valueRequired\":true,\"valueName\":\"search_term_string\"}}],\"inLanguage\":\"en-US\"},{\"@type\":\"Organization\",\"@id\":\"https:\\\/\\\/cvsmotion.com\\\/digital\\\/#organization\",\"name\":\"CVS Motion Digital\",\"alternateName\":\"Motion Digital Agencia marketing digital online en los Estados Unidos\",\"url\":\"https:\\\/\\\/cvsmotion.com\\\/digital\\\/\",\"logo\":{\"@type\":\"ImageObject\",\"inLanguage\":\"en-US\",\"@id\":\"https:\\\/\\\/cvsmotion.com\\\/digital\\\/#\\\/schema\\\/logo\\\/image\\\/\",\"url\":\"https:\\\/\\\/cvsmotion.com\\\/digital\\\/wp-content\\\/uploads\\\/2022\\\/01\\\/motion-marketing-online-usa.png\",\"contentUrl\":\"https:\\\/\\\/cvsmotion.com\\\/digital\\\/wp-content\\\/uploads\\\/2022\\\/01\\\/motion-marketing-online-usa.png\",\"width\":173,\"height\":120,\"caption\":\"CVS Motion Digital\"},\"image\":{\"@id\":\"https:\\\/\\\/cvsmotion.com\\\/digital\\\/#\\\/schema\\\/logo\\\/image\\\/\"},\"sameAs\":[\"https:\\\/\\\/www.facebook.com\\\/Cvsdigitaldesign\\\/\",\"https:\\\/\\\/x.com\\\/CvsMotion\",\"https:\\\/\\\/www.instagram.com\\\/cvsmotion\\\/\",\"https:\\\/\\\/www.youtube.com\\\/@cvsmotiondigital\",\"https:\\\/\\\/www.pinterest.com\\\/CVSMotion\\\/\",\"https:\\\/\\\/www.yelp.com\\\/biz\\\/cvs-motion-digital-design-newark\"]}]}<\/script>\n<!-- \/ Yoast SEO plugin. -->","yoast_head_json":{"title":"Hosting Econ\u00f3mico Profesional","description":"Hosting Econ\u00f3mico Profesional. Haga crecer su empresa en l\u00ednea. \u2713Soporte personalizado 24\/7. \u2713Panel de control. \u2713Configuraci\u00f3n GRATUITA","robots":{"index":"index","follow":"follow","max-snippet":"max-snippet:-1","max-image-preview":"max-image-preview:large","max-video-preview":"max-video-preview:-1"},"canonical":"https:\/\/cvsmotion.com\/digital\/registrar-un-dominio\/","og_locale":"en_US","og_type":"article","og_title":"Hosting Econ\u00f3mico Profesional","og_description":"Hosting Econ\u00f3mico Profesional. Haga crecer su empresa en l\u00ednea. \u2713Soporte personalizado 24\/7. \u2713Panel de control. \u2713Configuraci\u00f3n GRATUITA","og_url":"https:\/\/cvsmotion.com\/digital\/registrar-un-dominio\/","og_site_name":"P\u00e1ginas Web, WordPress, Tienda online, SEO, Alojamiento Web, Dominios, Correos","article_publisher":"https:\/\/www.facebook.com\/Cvsdigitaldesign\/","article_modified_time":"2023-06-01T19:55:34+00:00","twitter_card":"summary_large_image","twitter_site":"@CvsMotion","twitter_misc":{"Est. reading time":"1 minute"},"schema":{"@context":"https:\/\/schema.org","@graph":[{"@type":"WebPage","@id":"https:\/\/cvsmotion.com\/digital\/hosting-economico-para-profesionales\/","url":"https:\/\/cvsmotion.com\/digital\/registrar-un-dominio\/","name":"Hosting Econ\u00f3mico Profesional","isPartOf":{"@id":"https:\/\/cvsmotion.com\/digital\/#website"},"datePublished":"2023-06-01T18:51:21+00:00","dateModified":"2023-06-01T19:55:34+00:00","description":"Hosting Econ\u00f3mico Profesional. Haga crecer su empresa en l\u00ednea. \u2713Soporte personalizado 24\/7. \u2713Panel de control. \u2713Configuraci\u00f3n GRATUITA","breadcrumb":{"@id":"https:\/\/cvsmotion.com\/digital\/registrar-un-dominio\/#breadcrumb"},"inLanguage":"en-US","potentialAction":[{"@type":"ReadAction","target":["https:\/\/cvsmotion.com\/digital\/registrar-un-dominio\/"]}]},{"@type":"BreadcrumbList","@id":"https:\/\/cvsmotion.com\/digital\/registrar-un-dominio\/#breadcrumb","itemListElement":[{"@type":"ListItem","position":1,"name":"Home","item":"https:\/\/cvsmotion.com\/digital\/"},{"@type":"ListItem","position":2,"name":"Hosting Econ\u00f3mico para Profesional"}]},{"@type":"WebSite","@id":"https:\/\/cvsmotion.com\/digital\/#website","url":"https:\/\/cvsmotion.com\/digital\/","name":"Agencia de Marketing Digital en los Estados Unidos | CVS Motion Digital","description":"CVS MOTION","publisher":{"@id":"https:\/\/cvsmotion.com\/digital\/#organization"},"alternateName":"CVS Motion Soluciones digitales para el \u00e9xito de su empresa en Internet. P\u00e1ginas Web, WordPress, Tienda online, SEO, Alojamiento Web, Dominios, Correos","potentialAction":[{"@type":"SearchAction","target":{"@type":"EntryPoint","urlTemplate":"https:\/\/cvsmotion.com\/digital\/?s={search_term_string}"},"query-input":{"@type":"PropertyValueSpecification","valueRequired":true,"valueName":"search_term_string"}}],"inLanguage":"en-US"},{"@type":"Organization","@id":"https:\/\/cvsmotion.com\/digital\/#organization","name":"CVS Motion Digital","alternateName":"Motion Digital Agencia marketing digital online en los Estados Unidos","url":"https:\/\/cvsmotion.com\/digital\/","logo":{"@type":"ImageObject","inLanguage":"en-US","@id":"https:\/\/cvsmotion.com\/digital\/#\/schema\/logo\/image\/","url":"https:\/\/cvsmotion.com\/digital\/wp-content\/uploads\/2022\/01\/motion-marketing-online-usa.png","contentUrl":"https:\/\/cvsmotion.com\/digital\/wp-content\/uploads\/2022\/01\/motion-marketing-online-usa.png","width":173,"height":120,"caption":"CVS Motion Digital"},"image":{"@id":"https:\/\/cvsmotion.com\/digital\/#\/schema\/logo\/image\/"},"sameAs":["https:\/\/www.facebook.com\/Cvsdigitaldesign\/","https:\/\/x.com\/CvsMotion","https:\/\/www.instagram.com\/cvsmotion\/","https:\/\/www.youtube.com\/@cvsmotiondigital","https:\/\/www.pinterest.com\/CVSMotion\/","https:\/\/www.yelp.com\/biz\/cvs-motion-digital-design-newark"]}]}},"_links":{"self":[{"href":"https:\/\/cvsmotion.com\/digital\/wp-json\/wp\/v2\/pages\/3692","targetHints":{"allow":["GET"]}}],"collection":[{"href":"https:\/\/cvsmotion.com\/digital\/wp-json\/wp\/v2\/pages"}],"about":[{"href":"https:\/\/cvsmotion.com\/digital\/wp-json\/wp\/v2\/types\/page"}],"author":[{"embeddable":true,"href":"https:\/\/cvsmotion.com\/digital\/wp-json\/wp\/v2\/users\/1"}],"replies":[{"embeddable":true,"href":"https:\/\/cvsmotion.com\/digital\/wp-json\/wp\/v2\/comments?post=3692"}],"version-history":[{"count":4,"href":"https:\/\/cvsmotion.com\/digital\/wp-json\/wp\/v2\/pages\/3692\/revisions"}],"predecessor-version":[{"id":3707,"href":"https:\/\/cvsmotion.com\/digital\/wp-json\/wp\/v2\/pages\/3692\/revisions\/3707"}],"wp:attachment":[{"href":"https:\/\/cvsmotion.com\/digital\/wp-json\/wp\/v2\/media?parent=3692"}],"curies":[{"name":"wp","href":"https:\/\/api.w.org\/{rel}","templated":true}]}}